 2*g + 37 = g, -2*g - 2 = 0. Let l = -2 - y. Let q = l + 22. What is the tens digit of q?
1
Let g be (-5)/30 + 313/6. What is the units digit of (-2)/(-3) + g/12?
5
Let l = 2 + -1. Suppose -3*s - l = -r + 2, 16 = -4*r - 2*s. What is the units digit of 8/r*(-6)/4?
4
Suppose 3*q + 2*q = -5*c + 30, q = 5*c - 18. Suppose q*x + 4*d - 12 = 0, -d + 58 = 5*x - 5*d. What is the units digit of x?
0
Let n(c) = -c. Let b be (-266)/(-63) + 4/(-18). Let v be n(b). Let p(a) = a**3 + 5*a**2 + 4*a + 1. What is the units digit of p(v)?
1
Let j(b) = b**3 + 2*b**2 - b + 2. Let d be j(-2). Let o = 8 + -5. Suppose 32 = d*k - s + 9, 21 = 3*k + o*s. What is the units digit of k?
6
Let p = 2 - -3. Suppose 10*g - 90 = p*g. What is the tens digit of g?
1
What is the units digit of 2/(-6) + 40/12?
3
Suppose g + 2*g = 15. Suppose -g*x + 5 = -80. What is the units digit of x?
7
What is the units digit of ((-36)/45)/((-4)/110)?
2
Let g = 39 - 7. What is the tens digit of g?
3
Let l(x) = 7*x - 3. Suppose -10 = -4*m + 2*m. What is the units digit of l(m)?
2
Suppose -2*s = -4*l - 0*s + 120, 0 = 2*l - 3*s - 56. What is the tens digit of l?
3
Let q(g) = 2*g - 6. Let a be q(4). Suppose -75 = -3*w - 4*x, -a*w + 2*x = w - 57. Let j = -12 + w. What is the units digit of j?
9
Suppose 0 = -2*h + 6 - 26. Let s = 0 - h. What is the tens digit of s?
1
Suppose 6*k - 2*k = 4*z - 320, 2*z - 172 = -k. What is the units digit of z?
4
Suppose 16*k = 21*k - 390. What is the units digit of k?
8
Let q(x) = -x**2 + 1. Let v be q(2). Let i be (16 + -7)/(v/2). What is the tens digit of 7/((9/(-3))/i)?
1
What is the tens digit of (375 - 0)/3 - (-2 - 1)?
2
Suppose 5*u + 36 = 201. What is the tens digit of u?
3
Suppose -2*j + 5*j = -3*y + 12, 0 = -2*y - 5*j + 14. Suppose y*h - 50 = 26. Suppose -2*b = -5*p + 2*b + h, -2*p + 29 = 3*b. What is the tens digit of p?
1
Let y(h) = 2*h**2 - 2*h. Let s = 7 + -5. What is the units digit of y(s)?
4
Suppose 700 = 3*c + 2*c. Suppose -c = -4*v - 24. Suppose -v = -b + 5*w, -4*b + 2*w = -3*w - 41. What is the units digit of b?
4
Suppose 2*l = i + 9, -i - 6 = -l + 1. Suppose -4*z = -s + l*s - 23, 0 = -2*s - 3*z + 21. Suppose -s*t = -t - 14. What is the units digit of t?
7
Suppose -2*a = -0*a. Let i = 2 + a. What is the units digit of (-7)/(-2)*(i + 0)?
7
Let i(s) = -s**2 - 6*s + 13. Suppose 0 = 5*p + 54 - 9. Let d be i(p). Let n = d + 27. What is the tens digit of n?
1
Suppose 4*g = -5*r + 150, -g + 2*r + r + 29 = 0. What is the units digit of g?
5
Suppose -2*n = -2, -3*d + 4 = n - 3. Suppose -6*q = -d*q - 72. What is the units digit of q?
8
Suppose -58 = -2*w + 3*z, -z = -3*w + 76 + 18. Let u = -19 + w. What is the tens digit of u?
1
Let x = 9 + -5. Suppose 24 = -x*z - 5*o + 161, 4*z = -4*o + 140. What is the tens digit of z?
3
Let k(o) = 2*o**2 + o - 8. What is the units digit of k(5)?
7
Let r = -46 + 28. Let m = 67 + -70. Let f = m - r. What is the tens digit of f?
1
Suppose j + 5*v - 126 = -j, -5*j - v + 315 = 0. What is the units digit of j?
3
Suppose -2*s + 55 = 5*d, 3*d = 3*s - 13 - 17. What is the units digit of s?
5
Let d be 1/(2 + -1) - -3. Suppose 4*c - 2*c + 24 = 4*p, -4*p - d = 5*c. Suppose -2*n + 0*k + p*k + 6 = 0, 43 = 5*n + 4*k. What is the units digit of n?
7
Let n(b) = -11*b + 10. Let g(o) = 7*o - 7. Let w(x) = -8*g(x) - 5*n(x). Let i be w(5). Suppose -4*j + 73 - i = 0. What is the tens digit of j?
1
Let s = 0 + 6. Let a = 18 - s. What is the units digit of (-18)/(-8) - (-9)/a?
3
Suppose 5 = 5*n - 20. Suppose n*s - 2 = 3. Let w = s - -1. What is the units digit of w?
2
Let c = -2 + 14. What is the units digit of c?
2
Let n(d) = d + 7. Let w be n(-7). Suppose w = a, -k - 3*a + 2 = -0*a. What is the units digit of k?
2
Suppose -5*u + 6 = -j, -2*j + u = -2*u + 5. Let z = -17 + j. What is the tens digit of 1 + 0 + z/(-2)?
1
Let o be 5*2*(3 + 1). Suppose -j - 4*j = -o. What is the units digit of j?
8
Let x = 8 - 10. Let w be 8*x*1/(-4). Suppose -2*l + 26 = -5*r, -w*r + 23 = 5*l - 9. What is the units digit of l?
8
Suppose 0 = -0*c - 5*c + 125. Suppose 0 = 3*s - c - 11. What is the units digit of s?
2
Suppose 0*i - 2*i - 2 = 0. Let d(q) = -16*q**3 + q**2 - 1. What is the tens digit of d(i)?
1
Let m(a) = a**3 - 5*a**2 + 4*a + 3. Let l be (-1)/(((-2)/8)/1). What is the units digit of m(l)?
3
Let l be ((-5)/(-4))/((-5)/(-60)). Suppose -2*z = 5*q - 21, -2*z + 3*q - l = -4*z. What is the units digit of z?
3
Let a(n) be the second derivative of 0 + 1/6*n**3 - n + 9/2*n**2. What is the units digit of a(-6)?
3
Let o(s) = s**3 - 2*s**2 - 5*s + 4. Let f be o(4). Suppose -2*d + f = -2. Suppose -d*w + 4*w = -5. What is the units digit of w?
1
Let c = 4 - 7. Suppose 3*u - 20 = -2*u. Let i = u + c. What is the units digit of i?
1
What is the hundreds digit of 1044/6 - (-2 + -1)?
1
What is the tens digit of (240/64)/(1/12)?
4
Suppose 3*m + 10 + 26 = 0. Let n = m - -46. What is the tens digit of n?
3
Let h be -2 + -3*2/(-3). Suppose h = 3*q - 2 - 7. Let n = 17 - q. What is the tens digit of n?
1
Let x(l) be the third derivative of -l**4/24 + l**3/6 - l**2. What is the units digit of x(-4)?
5
Suppose -5*f = 5*y - 2*f - 370, -3*f = 2*y - 157. What is the units digit of y?
1
Let q = -35 - -63. Let o = -15 + q. What is the units digit of o?
3
Let l(b) = b**3 + 7*b**2 - 4*b - 4. What is the tens digit of l(-6)?
5
Let b(g) = g**3 + 9*g**2 + 7*g - 4. Let a be b(-8). Suppose -5*q = 2*u - a - 7, 0 = -u + 5*q + 43. What is the units digit of u?
8
Suppose -3*v = -13 - 2. Suppose v*p - a - 16 = 182, 2*p - 81 = a. What is the units digit of p?
9
Suppose -2*u - 8 = -s + 5*s, -5*u + 22 = -4*s. Suppose 3*l = 4*l + 4, 8 = 4*j + u*l. What is the units digit of j?
4
Let s(c) = c**2 + 7*c + 17. What is the tens digit of s(-8)?
2
Suppose 4*l = -i + 4*i - 4, 4*i = 0. Let y be (-2 - -7) + (-1)/l. What is the units digit of y + (2 + -1)/1?
7
Let d be 2 + 63/(-3) + 2. Let m = d + 29. What is the units digit of m?
2
Let f(s) be the third derivative of -s**6/120 + 19*s**5/60 - 3*s**4/4 + 3*s**3 + 7*s**2. What is the tens digit of f(18)?
1
Suppose 4*f = -16, -167 = s - 6*s + 3*f. Suppose -147 = -4*i - 5*x, 0*i + 5*i - 210 = -x. Let l = i - s. What is the tens digit of l?
1
Suppose -5*o + 4*w + 2 = 0, 0 = 2*o - w - 0 - 2. Suppose 28 = o*i + 2*i. What is the units digit of i?
7
Let a be (1 - 0 - 28) + -2. Let h = 43 + a. Suppose -5*z + 2*x = -20 - h, -5*z = 4*x - 22. What is the units digit of z?
6
Suppose 0 = w - 4*m - 192, -4*m = -w + 3*w - 336. What is the units digit of w?
6
Suppose -2*d - 4*p = -0*p - 158, -5*p = 5*d - 410. Suppose -5*r + q + 70 = -0*q, -5*r + 4*q = -d. What is the units digit of r?
3
Let j be (-8)/(-6)*54/24. Suppose -z - 38 = -j*z. What is the tens digit of z?
1
Let h = 49 + 26. What is the tens digit of h?
7
Suppose -25*d = -5*d - 2500. What is the hundreds digit of d?
1
Let w = 13 - 9. Suppose -6 + 66 = -w*i. What is the tens digit of 2/(-5) - 201/i?
1
Suppose 0 = -5*f + 3*f + 26. What is the units digit of f?
3
Let a(l) = l**2 + 4*l - 4. Let b be a(-6). Let g(h) = -h**3 + 9*h**2 - h - 7. What is the units digit of g(b)?
9
Suppose 3*b = -4*z + 187, -5*b = 2*z - b - 96. What is the tens digit of z?
4
Let l(a) = -a**3 + 7*a**2 + a - 1. Let w be l(7). Let d = 13 - w. What is the units digit of d?
7
Let d be (-37)/(-6) - (-3)/(-18). What is the tens digit of ((-14)/d)/(3/(-18))?
1
Let x(r) = r**2 - r - 5. Let m be x(5). Suppose j = m - 2. What is the units digit of j?
3
Let x(n) = -n**3 - n**2 + 2*n - 2. Let c be x(-4). Suppose 5*u - 2*r - r = -c, 4*u + 4*r = -56. Let w = u + 14. What is the units digit of w?
4
Let d = -15 + 15. Suppose 3*u - 6*u + 97 = 5*w, d = 4*w - 2*u - 60. What is the tens digit of w?
1
Let r = 36 + -25. What is the tens digit of r?
1
Suppose 5*r + 6*z + 11 = 2*z, -4*z - 16 = 0. Suppose 2*a - r = 3*a. Let h = 0 - a. What is the units digit of h?
1
Suppose 0 = -y - 5, 6*t + 5*y - 255 = t. What is the units digit of t?
6
Let h be (-3)/(-4) + (-3)/4. Suppose u = 5*r - 41, r + 0*r + 2*u - 17 = h. What is the units digit of r?
9
Let t = -12 + 16. Suppose -2*a = 3*a - 30. Let w = a - t. What is the units digit of w?
2
Suppose -3*f - 66 = -6*f. Suppose -f = -4*q + z + 2*z, -6 = -2*q - z. What is the units digit of q?
4
Let c(v) = -16*v - 2. Let p be c(-3). Let 